t of v?
6
Suppose -a - 112 = -5*a. What is the tens digit of a?
2
Suppose -4 = 3*p - 4*p. Suppose 0*f = p*f. Let k(v) = v**3 - v**2 - v + 5. What is the units digit of k(f)?
5
Suppose 2*p - 3 + 5 = 0, 0 = -2*a - 2*p + 2. Let s = a - -6. What is the units digit of s?
8
Let r be 14*(-4)/(-1 + -7). Suppose 3*p - 3*d = 15, 2*p - 3 = -4*d + r. What is the units digit of p?
5
Let r = 407 - 288. What is the tens digit of r?
1
Let o(k) = -k**2 - 6*k + 4. What is the units digit of o(-5)?
9
Let g(v) = -v - 3. Let p be 9/6*8/(-3). Let d be g(p). Let i(o) = 16*o**2 - 2*o + 1. What is the tens digit of i(d)?
1
Let w be 2/(-6) - (-92)/6. Let a = 67 - -32. What is the units digit of a/w - 4/(-10)?
7
Let g(w) = -5*w + 1. Let z(f) = -2*f. Let k be ((-6)/9)/(4/(-30)). Let q(i) = k*z(i) - 3*g(i). What is the units digit of q(2)?
7
Suppose 3*x - 8 = -2. Let q = 14 + x. What is the units digit of q?
6
Let u = 115 - 47. Suppose u = -0*y + 2*y. What is the tens digit of y?
3
Suppose 319 = 3*h - 4*n + 24, 0 = -4*h + 2*n + 400. What is the units digit of h?
1
Let q = 24 - 21. Suppose -w - 4 + 19 = -3*v, v = q*w - 29. What is the units digit of w?
9
Let p(u) = -2*u**2 - u + 1. Let t be p(3). Let d be 172/t - 6/15. Let z = -3 - d. What is the units digit of z?
6
What is the units digit of 225/9 + 2 + -1?
6
Let j(h) = 1 - 5*h - 2 + 3*h - 1. What is the tens digit of j(-10)?
1
Let t(y) be the first derivative of 2*y**2 - 1. What is the units digit of t(5)?
0
Let s(q) = 6*q + 12. What is the units digit of s(4)?
6
Suppose -3 - 3 = -3*m. Suppose l = -4*g + 186, -3*g + 133 = 2*l + 2*l. Suppose d = -a + 10, m*d = 5*a + 4*d - g. What is the units digit of a?
9
Suppose 2*f - 7*f = -5*r + 45, -5*r - f = -21. Suppose r*n + 59 - 24 = 0. Let w(j) = j**2 + 6*j - 2. What is the units digit of w(n)?
5
Let q be (-3)/4*8/(-2). Suppose 5*x - 5*a - 65 = 2*x, -3*a + q = x. What is the units digit of x?
5
Let k = -276 + 195. Let y be k/(-12)*(-8)/(-3). Let a = y + -13. What is the units digit of a?
5
Suppose 5*t - 290 = 2*r, -5*r = t + 3*t - 265. What is the tens digit of t?
6
Let k = -10 - -5. What is the units digit of 2/k - 42/(-5)?
8
Suppose 2*c = 3*c - 3. Suppose -5*j = 2*p - 139, -18 = -j + c*p + 20. Let n = -17 + j. What is the units digit of n?
2
Suppose 2*r = -3*r + 20. Suppose -3*p + 1 = -r*o - 18, 0 = 5*p + 4*o - 21. What is the units digit of p?
5
Suppose -4*i = -3*i - 24. Let p = i - 10. What is the tens digit of p?
1
Suppose j - 4 = 3*j. Let d = 4 + -4. Let q = d - j. What is the units digit of q?
2
Let b be (10 - 3) + (-4 - -2). Let w = b + 2. What is the units digit of w?
7
Suppose -y + 81 = -4*z, -z + 409 = 7*y - 3*y. What is the hundreds digit of y?
1
Suppose -37 = 2*u - 183. What is the tens digit of u?
7
Let l(r) be the first derivative of r**4/4 + 7*r**3/3 + 2*r**2 + r - 3. What is the tens digit of l(-6)?
1
Suppose 0 = 3*y - y + 2*v - 4, 3*y = 2*v - 14. Let w = -2 - y. Suppose 12 = 4*s - w. What is the units digit of s?
3
Suppose 10*q = 5*q + 620. Suppose 4*r + 0*r = q. Suppose 0 = -3*b + b + g + r, -g = -3*b + 45. What is the tens digit of b?
1
Suppose -5*r + 4 + 6 = 0. Let a be r + -7 - 1*-3. What is the tens digit of 256/18 - a/(-9)?
1
What is the units digit of 792/(-16)*22/(-3)?
3
Let v be (-174)/4*36/27. What is the units digit of (-1)/(2/v) - 1?
8
What is the tens digit of (-3417)/(-68)*(-16)/(-6)?
3
Let d(z) = -z**3 + z - 2. Let b be d(-2). Let s(q) = -2*q + 3*q + 5 + 0*q. What is the units digit of s(b)?
9
Let t = 5 - 5. Suppose 1 = 2*y - 3*l + 5, 4*y - 3*l - 4 = 0. Suppose x + 4*s - 2 = t, 2*s = y*x + 4 - 12. What is the units digit of x?
2
What is the tens digit of (-1)/2 + 0 + (-165)/(-2)?
8
Let a = -8 - -41. Let b = 23 - a. Let k = b + 29. What is the tens digit of k?
1
Suppose 2*p + p = 3*q + 24, 0 = p - 5*q - 28. Let k(o) = 10*o - 4. What is the tens digit of k(p)?
2
What is the hundreds digit of (-3)/((-3)/3)*336/4?
2
Suppose 0*u + u = 11. Let m(x) = -x**3 + 11*x**2 - x + 15. What is the units digit of m(u)?
4
Suppose -4*p - 2 = -3*p, 66 = 5*s - 3*p. What is the tens digit of s?
1
Let k(o) = o**2 - 14*o - 27. What is the tens digit of k(-12)?
8
Suppose -5*y = -0*y - 2*c - 385, -y + 4*c + 95 = 0. What is the tens digit of (8/(-20))/((-3)/y)?
1
Let t be 4/10 + (-6)/15. Suppose 0 = -t*w - 4*w + 164. What is the tens digit of w?
4
Let m(g) = -g**2 + 17*g - 19. What is the units digit of m(13)?
3
Let d(x) = x**3 - 3*x**2 - 2*x - 4. What is the units digit of d(5)?
6
Suppose 3*u = 4*y + 24, -2*u = 5*y - 4 + 11. Suppose -4*v - 104 = -u*c, -5*v + 56 = 2*c + 11. What is the units digit of c?
5
What is the units digit of 3/(-3) + 6 + -4?
1
Let q be 2/2*(-1 + -1). Let l be 5/(1 - 2)*q. What is the units digit of l - (-2)/(-6)*3?
9
Suppose -k + 11 = 8. Suppose 3*p + 3*r = 60, 0 = 3*p + k*r - r - 61. What is the tens digit of p?
2
Let d(u) = -3*u**3 + 6*u**2 + 6*u + 1. What is the tens digit of d(-3)?
1
Suppose -2*m + 180 = -4*d, 6*d - d + 475 = 5*m. What is the tens digit of m?
0
Suppose 0 = s + 3*n - 38, -3*s + 4*n + 205 = 26. What is the units digit of s?
3
Let d(p) be the second derivative of p**4/12 + p**3/6 - 4*p**2 + 5*p. What is the tens digit of d(-6)?
2
Suppose -4*u = -2*z + 20, -2*z - 5*u + 50 = -3*u. Suppose 5*m - 13 = -2*r, -5*r + z = -2*m - 27. Let v = r - 1. What is the units digit of v?
8
Let i = -52 - 8. Let l be (-6)/(-27) - i/(-27). What is the units digit of 14/6 - l/(-6)?
2
Suppose 0 = t - 3*t + 32. Suppose t = m - 5*b - 0*b, 0 = -2*m - 2*b + 32. What is the tens digit of m?
1
Let l be (-554)/(-10) + (-4)/10. Suppose 0 = 4*r + r - l. What is the units digit of r?
1
Suppose 0*i = 2*b + 5*i + 13, b - 1 = -i. Suppose 60 = 3*k - b. What is the tens digit of k?
2
Let i = -13 - -5. Let q = -7 - i. What is the units digit of q?
1
Let p = 17 - 13. Let d(u) = -u**3 - 5*u**2 + 7*u + 9. Let i be d(-6). Suppose 0 = -p*h + i*h + 5. What is the units digit of h?
5
Suppose 0 = -3*x + 5*z - 49, -z + 1 = -4. Suppose -w = 3*w - 4*a, -a - 2 = 0. What is the units digit of w*x/1 + 0?
6
Let k(r) = r + 11. What is the units digit of k(-8)?
3
Let x(d) = 11*d - 29. Let f(l) = -2*l + 5. Let z(n) = -34*f(n) - 6*x(n). Let k(b) = -5*b - 9. Let c(t) = 3*k(t) + 7*z(t). What is the units digit of c(-2)?
3
Suppose m - 5*w - 123 = 64, m - 2*w = 175. What is the units digit of m?
7
Suppose 8 + 234 = 2*p. What is the tens digit of p?
2
Suppose -9 = -d - 5*v, -4*d + 68 = 7*v - 3*v. Let t = d - 7. What is the units digit of t?
2
Suppose 3*f - 29 = -4*c, -3*c - f - 7 = -25. Suppose c*h + 9 = -1. What is the units digit of 12/(-8)*h/3?
1
Let s(z) = z + 6. Let u be -2*(-2 - -1) + 1. Suppose 2*p - g - 2*g = -16, -4 = 2*p + u*g. What is the units digit of s(p)?
1
Suppose -3*g - 24 = -5*g. Let z be (3/(9/g))/2. Let x = 6 + z. What is the units digit of x?
8
Suppose 0 = -5*o - 5 - 0. Let f(i) = -9*i**3 - 1. What is the units digit of f(o)?
8
Let g = 3 + 1. Suppose 3*l - 4*c = 18, -l - 4 = g*c + 6. Suppose 0 = -l*k - k + h + 44, 2*k + 5*h = 52. What is the tens digit of k?
1
Let k(n) be the second derivative of n**3/6 + 5*n**2 + 2*n. Let p be k(-7). Suppose -5 - p = -j. What is the units digit of j?
8
Suppose 7*n - 5*n - 4 = 0. Suppose 4*c + y = 9, n*c = y + y + 12. What is the units digit of c?
3
Suppose -l - 2*f = -12, 5*l + 0*f - 15 = -f. Suppose -5*j = 5*h - 45, -4*h - 12 = -l*h - 4*j. What is the units digit of h?
4
Let z(o) = -6*o**3 + o**2 + 2*o + 1. Let h(y) = -y**3 + 3*y**2 + 5*y - 2. Let k be h(4). Suppose -k*a = 3*a + 5. What is the units digit of z(a)?
6
Let y(c) = -c**2 - 6*c + 2. Let j be y(-6). Suppose -3*x + j*x = -3. What is the units digit of x?
3
Let f(n) = -n**3 + 2*n**2 + 3*n + 3. What is the units digit of f(3)?
3
Let n = 81 - 1. Suppose -5*x + 255 - n = 0. What is the units digit of x?
5
Let x(s) be the second derivative of 1/6*s**3 + 9/20*s**5 + 0*s**2 + 0 - 1/12*s**4 + 2*s. What is the units digit of x(1)?
9
Suppose -2*y + 5 = a - 7, 3*y = 5*a - 8. Let k(i) = i**3 - 3*i**2 + 3*i - 4. What is the tens digit of k(y)?
2
Let h be (-4)/14 + (-2)/(-7). Let n be -8 + (0 - h) + 2. What is the units digit of (-1)/2 + (-39)/n?
6
Suppose 0 = -4*l - 4*w + 1000, -2*l - 3*w = 3*l - 1250. What is the tens digit of l?
5
Let p(o) = o**2 - o - 5. Let c be p(5). Let g = 8 - c. 